574
In base 8, what is 1 + 175623754?
175623755
In base 2, what is -101011110111100000 + 1110?
-101011110111010010
In base 10, what is 2372100 - -641?
2372741
In base 16, what is 18bf5e - 6d?
18bef1
In base 16, what is -13250 + -6e?
-132be
In base 11, what is 2 - -381293a9?
38129400
In base 2, what is -11100111 - -1010000111011110?
1010000011110111
In base 12, what is 0 + -3ab52b50?
-3ab52b50
In base 7, what is -1143350623 + 0?
-1143350623
In base 3, what is 1101000101 - -20112022?
1121112200
In base 16, what is 33 - 5e88d?
-5e85a
In base 10, what is -792 - -1881?
1089
In base 6, what is -1120215 + -43?
-1120302
In base 16, what is 2f114c - -c?
2f1158
In base 11, what is -1192102 - -66?
-1192047
In base 2, what is -110001100101101 - 1000011001?
-110010101000110
In base 13, what is 2649 + 12783?
150cc
In base 4, what is -213 + -321230003113?
-321230003332
In base 5, what is -2403114 - -3121?
-2344443
In base 8, what is -250 + 1476713?
1476443
In base 9, what is 356377612 - 1?
356377611
In base 2, what is -1110001011111000001011 - 101?
-1110001011111000010000
In base 8, what is 2356335511 - 5?
2356335504
In base 5, what is -10300 - -130432313?
130422013
In base 6, what is -22233 - -301042?
234405
In base 4, what is -121013213200 - 100?
-121013213300
In base 15, what is 2a + -44aac?
-44a82
In base 15, what is 2eca029 - 4?
2eca025
In base 15, what is -10 - 2aa0c?
-2aa1c
In base 10, what is -1 - -39372769?
39372768
In base 12, what is 0 - -15b651a?
15b651a
In base 10, what is 1675866 - 52?
1675814
In base 6, what is 22 + 15143512?
15143534
In base 7, what is 5040 - -2040?
10110
In base 13, what is -112 + 1319b?
13089
In base 13, what is c - 1c6b9?
-1c6aa
In base 8, what is 0 + 11105543?
11105543
In base 2, what is 10001101100101000000001111 - -100?
10001101100101000000010011
In base 9, what is -12354 + 4?
-12350
In base 14, what is 6 - -156bcc3?
156bcc9
In base 16, what is 1c2dae58 + -5?
1c2dae53
In base 2, what is 100 - 11011011101101001100000000101?
-11011011101101001100000000001
In base 11, what is 423a338 + -3?
423a335
In base 7, what is -412531 - 413?
-413244
In base 3, what is 1020022202121 - -122?
1020022210020
In base 8, what is 422 - 277455?
-277033
In base 9, what is 23 + -748381?
-748357
In base 4, what is 100200300 + 2103031?
102303331
In base 11, what is 86054096 - -1?
86054097
In base 8, what is 727 - 234607?
-233660
In base 3, what is 1111111101010 + 10002?
1111111111012
In base 12, what is -420 + 51?
-38b
In base 15, what is 15 - de6da1?
-de6d8b
In base 13, what is -439c52 + 3?
-439c4c
In base 9, what is 315 - 23432?
-23116
In base 8, what is -376513 - -1346?
-375145
In base 15, what is -d7 + c0d03?
c0c1b
In base 15, what is 4ba24 - 2db?
4b738
In base 7, what is -16135101126 + 2?
-16135101124
In base 13, what is 4 - 193aa95?
-193aa91
In base 11, what is 21113231 + 1?
21113232
In base 6, what is -32125510 + -40?
-32125550
In base 7, what is 1 + 23655341?
23655342
In base 9, what is 422 + -25760?
-25337
In base 10, what is -3 + -10774636?
-10774639
In base 16, what is -4 - -29a49da?
29a49d6
In base 6, what is 103 + -2334330?
-2334223
In base 6, what is -3 - -101244?
101241
In base 14, what is c0c6 + -663?
b863
In base 8, what is -24360 - -354?
-24004
In base 8, what is -13 + -7764357?
-7764372
In base 8, what is 2 - 411220351?
-411220347
In base 9, what is -6657232 - 268?
-6657511
In base 8, what is 2 + -335433462?
-335433460
In base 16, what is 6 - 116b3a6?
-116b3a0
In base 10, what is 0 - 16771395?
-16771395
In base 15, what is 7 - -6c3dc?
6c3e4
In base 12, what is -52671a8 + -19?
-5267205
In base 13, what is -7 + -13b908b?
-13b9095
In base 5, what is -24323 + -12403?
-42231
In base 10, what is -2778214 - -3?
-2778211
In base 2, what is 10 + 100011010100000001011100?
100011010100000001011110
In base 2, what is -1110000100100010011101101 - 10?
-1110000100100010011101111
In base 5, what is 113443134 - 1111?
113442023
In base 9, what is 2308662 + 18?
2308681
In base 5, what is 14202 + -210200442?
-210131240
In base 8, what is -1 + 55500765?
55500764
In base 7, what is -43651 + -143464?
-220445
In base 10, what is 9627934 - -9?
9627943
In base 14, what is 3 - 5b3685?
-5b3682
In base 9, what is 3 + -224188128?
-224188125
In base 5, what is -22203030 - 241?
-22203321
In base 8, what is 120 - -177005?
177125
In base 5, what is 413401 + 314431?
1233332
In base 8, what is -23302 - 34534?
-60036
In base 5, what is -32104434321 - 1?
-32104434322
In base 12, what is -3328b - 428?
-336b7
In base 3, what is -1101220221122212 - -12?
-1101220221122200
In base 9, what is -74 - 2181421?
-2181505
In base 8, what is -3 + -15460113?
-15460116
In base 9, what is -3 + 560032371?
560032367
In base 16, what is 481 - 4327?
-3ea6
In base 6, what is 4132252433 + -1?
4132252432
In base 10, what is -4 - -274254540?
274254536
In base 11, what is 11 + 17085a3?
1708604
In base 13, what is -4 - -13c2aba?
13c2ab6
In base 10, what is -3757 - 171?
-3928
In base 8, what is -1 + -64014264?
-64014265
In base 16, what is 1c9 - 278?
-af
In base 4, what is -3 - 200332131203?
-200332131212
In base 9, what is -156532 + -3525?
-161157
In base 12, what is 0 - 1424981?
-1424981
In base 9, what is -2248434 + 1?
-2248433
In base 5, what is 40 - 10104234331?
-10104234241
In base 10, what is 365 + -4661?
-4296
In base 15, what is 8 + -15e77e?
-15e776
In base 6, what is 3 - -32544053441?
32544053444
In base 11, what is 20 + -52028?
-52008
In base 4, what is 21 + 12010012231?
12010012312
In base 12, what is -11789 - 796?
-12363
In base 11, what is -17 + -4990404?
-4990420
In base 16, what is -4 - -fb530?
fb52c
In base 11, what is -1635507 - -5?
-1635502
In base 15, what is -24 + -cadb9d?
-cadbc2
In base 13, what is -51 + 32a564?
32a513
In base 10, what is -3738152 + -8?
-3738160
In base 13, what is -84c3a1 + 4?
-84c39a
In base 12, what is 8735088 - 3?
8735085
In base 4, what is 3133132 + 2323?
3202121
In base 11, what is -17 - 121a43?
-121a5a
In base 7, what is -3 + 134135544?
134135541
In base 9, what is -614 + 17755?
17141
In base 14, what is -4c91360 - 2?
-4c91362
In base 5, what is -2341401300 - 13?
-2341401313
In base 8, what is -37723 - 46?
-37771
In base 9, what is -346 + -86?
-443
In base 11, what is 2 + -1a6a8561?
-1a6a855a
In base 12, what is b2a4 + -aa?
b1b6
In base 3, what is -1121202210 + -2110000?
-1201012210
In base 14, what is 3a34b - 28?
3a323
In base 7, what is 33154 + 26661?
63145
In base 9, what is 34608115 + -6?
34608108
In base 11, what is 0 + -936190?
-936190
In base 4, what is -13222223 + -333330?
-20222213
In base 3, what is 10 + 12101220221111?
12101220221121
In base 16, what is 3786 - -10af?
4835
In base 2, what is 10101111 + -10000111001010?
-10000100011011
In base 8, what is -51420 - 1776?
-53416
In base 8, what is -152125 - -17311?
-132614
In base 16, what is -94a0f7 - -16?
-94a0e1
In base 2, what is 1001000000 + -11000000101001101110?
-11000000100000101110
In base 12, what is 2518717b - 1?
2518717a
In base 2, what is -110100001011100011 - 1100100?
-110100001101000111
In base 13, what is 279b682 + -3?
279b67c
In base 7, what is 4 - -6413661360?
6413661364
In base 5, what is -2130343 + 3223?
-2122120
In base 5, what is 34212330303 + 4?
34212330312
In base 10, what is -3 - -112420311?
112420308
In base 12, what is 0 - -41206ba?
41206ba
In base 10, what is -7278 + 4153?
-3125
In base 13, what is -b3 + 2299?
21b6
In base 10, what is -85994 - 43?
-86037
In base 8, what is -441644507 - 1?
-441644510
In base 8, what is 2245563 + 456?
2246241
In base 16, what is 1c8 - -20d0d?
20ed5
In base 3, what is -10010 + 120200001212?
120122221202
In base 6, what is 13 + -1105133?
-1105120
In base 6, what is 222353350 - -123?
222353513
In base 10, what is 4 + 21400670?
21400674
In base 3, what is 101020211211 - -2020?
101020221001
In base 8, what is 675 - 1437030?
-1436133
In base 13, what is -79 - 1a73ba?
-1a7466
In base 15, what is 3c88c + -202?
3c68a
In base 4, what is 323330321 + -312?
323330003
In base 9, what is -263762 - 68?
-263841
In base 13, what is -6 - -225204?
2251cb
In base 14, what is -15cba6b - -1d?
-15cba4c
In base 4, what is -20331200 + 30?
-20331110
In base 5, what is -10233 + -43113044?
-43123332
In base 8, what is -1136377260 + 0?
-1136377260
In base